f - 10, 2*m = -4*f + 4. Let w = m + -8. Suppose 5*l - 6 - w = 0. List the prime factors of l.
2
Let p(t) = t**2 + 5*t - 1. Let r be p(-6). Suppose 5*q - q = -j + 102, r*q + 3*j - 124 = 0. What are the prime factors of q?
2, 13
Let r = -13 + 19. Suppose 2*o + 3*u - 10 = r*u, 3*o = 4*u + 15. Suppose 4*j - 3 - o = 0. List the prime factors of j.
2
Let l = -2 - -7. Suppose l*x + 4*h - h = 44, -3*x + h = -18. What are the prime factors of x?
7
Let a be (2 - 2)/(-1 - 1). Suppose f + a*f = 4. Suppose 0 = j - 4, 0 = f*x + x + j - 64. What are the prime factors of x?
2, 3
Let b be (-50)/(-16) - 2/16. Suppose -5*z + 233 = -2*d - d, -2*z + b*d = -86. List the prime factors of z.
7
Let v(h) = -h**3 - 6*h**2 + 3*h + 5. What are the prime factors of v(-7)?
3, 11
Suppose -4*t + 108 = 5*a - 49, 125 = 4*a + 3*t. List the prime factors of a.
29
Let s = 14 + 8. Let y = 17 + -32. Let k = y + s. What are the prime factors of k?
7
Suppose -3*k + 73 = -32. What are the prime factors of k?
5, 7
List the prime factors of (-4)/(-3 + -1) - -2.
3
Let t(i) = i**3 + i**2 - i + 12. Let z be t(0). Let y be z/(-10)*20/(-6). Suppose -y = -2*n + 4. List the prime factors of n.
2
Suppose 2*y - 2*i = 174, 2*i = -3*y - 18 + 264. List the prime factors of y.
2, 3, 7
Let u(x) = x + 8. Let q be u(8). What are the prime factors of q + (3/(-1))/(-1)?
19
Let s(b) = -b**2 + 3*b + 6. Let f be s(5). List the prime factors of f/(-4)*(12 - 1).
11
Let p(w) = 19*w - 2. Let d be p(-1). Let m = -16 - d. List the prime factors of m.
5
Let z = 17 - 26. Let h(w) = -w**3 + 2*w - 1. Let f be h(1). Let q = f - z. What are the prime factors of q?
3
Let t = -149 - -211. What are the prime factors of t?
2, 31
Let r = 57 - 31. Suppose 2*t + 0 = r. Let o = -3 + t. List the prime factors of o.
2, 5
Let r(a) = -6*a**2 + 3*a + 1. Let p(g) = -g**2 - 1. Let f(h) = 5*p(h) - r(h). What are the prime factors of f(6)?
2, 3
Let m be 4/(-20) - 12/(-10). Let b(o) = 42*o. Let x be b(m). Suppose -5*n + x = -2*g, 2*g - 4*g - 26 = -3*n. What are the prime factors of n?
2
Let o(u) be the first derivative of u**3/3 + u**2/2 + 12*u - 3. Let d be o(-9). Suppose -4*g + 1 = 3*x - d, -g = x - 21. What are the prime factors of g?
2, 11
Suppose 0 = 3*n + o - 610, 3*n - 4*o + 9*o - 602 = 0. List the prime factors of n.
2, 3, 17
Suppose j + 3*j + 300 = 0. What are the prime factors of j/(3 + (-27)/6)?
2, 5
Let r(w) = -w**3 + 5*w**2 + 6*w + 3. Let v be r(6). Suppose 3*b + 2*u = -v*u + 10, -32 = -4*b - 2*u. What are the prime factors of b?
2, 5
What are the prime factors of 80 + -1 + (5 - 1)?
83
Let y(x) = 8*x + 9. Let m(d) = d + 1. Let u(t) = -6*m(t) + y(t). What are the prime factors of u(4)?
11
Let n(c) = 4*c**2 - 2*c - 4. Let l(z) = 3*z**2 - z - 3. Let u(b) = 3*l(b) - 2*n(b). Let k be u(-2). Let j = 3 + k. List the prime factors of j.
2
Suppose -2*s + 5 = -s. Suppose 0*w - s*w + 55 = 0. Let a = 1 + w. List the prime factors of a.
2, 3
Suppose -2*i + b + 265 = 3*i, -2*i + 79 = 5*b. List the prime factors of i.
2, 13
Suppose -5*r - 7*t + 5 = -2*t, 3*r + 2*t = 1. Let y(h) = -3*h + 5*h**2 + 0*h + 2*h. List the prime factors of y(r).
2, 3
Let s(u) = -u**2 + 4. Let w be s(0). Suppose -w*j = 0, -5*f + 4*f + 4*j = -15. What are the prime factors of f?
3, 5
Let y(a) = 8*a - 17. List the prime factors of y(8).
47
Let o(k) = -1. Let t(l) = 35*l**2 - l + 5. Let m(n) = 5*o(n) + t(n). List the prime factors of m(-1).
2, 3
Suppose 4*b - 5*b - x + 1 = 0, b - x - 3 = 0. Suppose -2*k + k + 51 = 5*c, -b*c = -k - 26. Suppose 5*u - c = 29. What are the prime factors of u?
2
Let g be 9/6*8/6. Let a = -1 + g. List the prime factors of (a - -3)*22/8.
11
Let s(k) = k**3 - k**2 - k + 3. Let y be s(0). Suppose -j - 2*j + 17 = 2*a, 4*j - 26 = -y*a. What are the prime factors of a?
2, 5
Suppose -m - 25 = -72. List the prime factors of m.
47
List the prime factors of (-16)/9 - -2 - (-637)/9.
71
Let n(x) = 2*x**3 + x**2 + 2*x + 126. List the prime factors of n(0).
2, 3, 7
Let i = 204 + -103. What are the prime factors of i?
101
What are the prime factors of 1/(-3 + (-588)/(-195))?
5, 13
Suppose -4*f = -4*v - 24 + 4, -f - 7 = 5*v. Let d be (-2)/f*(-6)/2. Suppose 3*b = 9*c - 4*c - 49, -b + 24 = d*c. List the prime factors of c.
11
Suppose -11 = -q - 5*a - 1, 0 = 3*q + 3*a - 18. Suppose 5*w - 90 = q*k, 3*w - k = -2*w + 98. List the prime factors of w.
2, 5
List the prime factors of -3*28/(-6) - -1.
3, 5
Let g(w) = -w**3 + 6*w**2 - 4*w - 2. Let z be g(5). Let i = z + -3. Suppose i - 19 = -y. What are the prime factors of y?
19
Let l be 8/(-3)*(-30)/4. Suppose -l = -3*w - 2*w. What are the prime factors of (-44)/(-6) - w/12?
7
Suppose -4*a - 8 = -6*a. Suppose -32 = -5*s + 2*n, -a*s - s - 5*n = -60. List the prime factors of s.
2
Let d(h) = h**2 + h. Let w be d(-1). Suppose 4*r + 10 - 34 = w. What are the prime factors of r?
2, 3
Let k(q) = 40*q**2 + 5*q. What are the prime factors of k(2)?
2, 5, 17
Let l(g) = -g**2 - 7*g. Let f be l(-8). Let s(m) = -5 - 3*m**3 + m**3 + m**3 - 9*m - 9*m**2. What are the prime factors of s(f)?
3
Suppose 3*v = 5*v - 3*n + 42, 31 = -v - n. Let f = v + 38. List the prime factors of f.
11
Let s(f) = 2*f - 41. Let i(b) = -b + 20. Let k(c) = 9*i(c) + 4*s(c). What are the prime factors of k(0)?
2
Let c(a) = -a**3 + 5*a**2 + a + 4. Let y be c(6). Let h = 87 - 50. Let v = h + y. List the prime factors of v.
11
Suppose -81 = -5*g + 2*g. What are the prime factors of g?
3
Suppose -g + 0*g + 63 = 0. List the prime factors of g.
3, 7
Suppose 4*y + 0*y = 2*i + 184, 0 = -5*i + 20. What are the prime factors of y?
2, 3
Let r = -82 - -340. What are the prime factors of r?
2, 3, 43
Let j(a) = -a**3 - 2*a**2 + 6*a + 3. List the prime factors of j(-4).
11
Let m(n) = 2*n**2 + 2*n - 1. Let f be m(-2). Suppose -q - f*q = -92. What are the prime factors of q?
23
Let l(v) = 4*v - 3. Let u(z) = 3*z - 4. Let k(x) = 4*l(x) - 5*u(x). What are the prime factors of k(9)?
17
Let m be 4/10 + (-784)/(-40). What are the prime factors of m*(0 - 1/(-2))?
2, 5
Let k = -7 - -12. Suppose -2*r = -5*x + 2*r + 39, 0 = -x + k*r - 9. List the prime factors of x.
11
Suppose -2*h - 3*h - 10 = 0. List the prime factors of (-1)/h + 7/2.
2
Let d(h) be the second derivative of h**3 - 7*h**2 - 4*h. List the prime factors of d(9).
2, 5
List the prime factors of ((-10)/3)/((-118)/(-60) + -2).
2, 5
Let w = 101 + 61. What are the prime factors of w?
2, 3
Let c(p) = 4*p - 6*p + p**2 - 2 + 0 - 1. Let j be c(3). What are the prime factors of (j - 3)/((-9)/21)?
7
Let t be (-1)/(((-9)/(-12))/(-3)). Suppose 3*l - 2 = t. List the prime factors of l.
2
Suppose 22 = -3*a - 11. Let s = 5 + a. Let k = s + 15. List the prime factors of k.
3
Suppose -11*h + 12*h = 2. What are the prime factors of h?
2
Suppose -82 - 60 = -2*g. List the prime factors of g.
71
Let m(f) be the third derivative of 7*f**4/24 + 6*f**2. List the prime factors of m(4).
2, 7
Suppose 5*g - 4*g - 5 = -l, 0 = 2*g + 5*l - 19. Suppose g*r - 11 = r. What are the prime factors of r?
11
Suppose 3 = 5*a + 8, 0 = 5*g + a - 559. What are the prime factors of g?
2, 7
Let g be (-34)/(-10) - 4/10. Let h = g + 15. What are the prime factors of h?
2, 3
Suppose -7*v + 2*v - 2*o = -719, -2*v - 3*o + 292 = 0. Suppose -5*h - 2*a = -v, -h - h = 2*a - 56. Suppose 0 = 5*q - 26 - h. What are the prime factors of q?
11
Suppose 2*u + 769 = 5*h + 3*u, 2*h = -5*u + 303. List the prime factors of h.
2, 7, 11
Let y(f) = f**2 - 11*f - 4. Let v(t) = -t**2 + 12*t + 3. Let i(a) = -3*v(a) - 4*y(a). What are the prime factors of i(8)?
7
Let i = 4 - 1. Let x be -46*-1*2/4. Suppose f = x - i. What are the prime factors of f?
2, 5
List the prime factors of 1/(2*2/124).
31
Let m(o) = -5*o**3 + 13*o**2 - 31*o + 27. Let f(q) = 2*q**3 - 7*q**2 + 15*q - 13. Let c(b) = -7*f(b) - 3*m(b). What are the prime factors of c(-11)?
3, 7
Let w(b) be the first derivative of -b**4/4 - 5*b**3/3 + 7*b**2/2 - 5*b - 1. List the prime factors of w(-7).
2, 11
Suppose 0*f - 17 = 5*s + 3*f, -4*s + f = 0. Let n be -3*(23/(-3) - s). Suppose 2*b = 2 + n. List the prime factors of b.
11
Let o = -126 - -270. What are the prime factors of o?
2, 3
Let h(m) = -m**3 - 2*m**2 + 3*m + 4. Suppose -5*n - 3 = -4*n. What are the prime factors of h(n)?
2
Let z(g) = 15*g**2 + g + 1. Let v = -6 - -5. Lis